 Give j(-39).
480
Let i(n) = 6*n**3 + 150*n - 150. Determine i(1).
6
Let m(i) = 1627*i - 1617. What is m(1)?
10
Let f(h) = 394*h - 132. Give f(9).
3414
Let b(u) = -2*u**2 + 1362*u - 182889. What is b(497)?
7
Let g(d) = -204*d**2 - 10*d + 13. Calculate g(3).
-1853
Let m(l) = l**3 + 23*l**2 - 2*l + 19. Determine m(-12).
1627
Let b(d) = -41820*d - 209185. Give b(-5).
-85
Let w(y) = -288*y + 5453. Calculate w(19).
-19
Let f(u) = -2*u**3 + 28*u**2 - 4908*u + 79556. What is f(16)?
4
Let y(n) = 5*n**2 - 780*n + 1810. What is y(155)?
1035
Let q(s) = 6*s**3 - 976*s**2 - 270*s - 8843. Determine q(163).
285
Let s(o) = 39020*o - 312139. Give s(8).
21
Let c(l) = -2*l**3 + 206*l**2 - 2321*l - 261. Give c(13).
-14
Let v(w) = 7*w**3 + 1307*w**2 - 395*w - 3898. Determine v(-187).
29
Let z(i) = 2*i**3 - 3570*i**2 - 14303*i + 28. Give z(-4).
-8
Let s(y) = 31*y**3 - 244*y**2 + 8*y - 207. What is s(8)?
113
Let c(w) = -w**3 - 771*w**2 - 907*w - 105491. Give c(-770).
-1
Let f(c) = -396*c**2 + 30595*c + 4. Calculate f(77).
7935
Let z(l) = 50*l + 862. What is z(-32)?
-738
Let o(a) = 80*a + 9526. Calculate o(-116).
246
Let d(x) = -4364*x + 78490. Determine d(18).
-62
Let c(l) = l - 1791. What is c(-33)?
-1824
Let g(b) = -3373*b - 23556. Determine g(-7).
55
Let t(m) = -1516*m + 28092. Give t(19).
-712
Let w(m) = 391*m**2 - 17594*m - 46. Calculate w(45).
-1
Let q(c) = 22*c - 1004. What is q(-41)?
-1906
Let w(t) = -121*t - 5509. What is w(-55)?
1146
Let x(y) = 185*y - 10142. Determine x(49).
-1077
Let d(x) = 3*x**2 - 5539*x + 109907. Calculate d(20).
327
Let x(u) = 2*u**2 - 873*u - 7049. Determine x(-8).
63
Let i(b) = -81544*b - 163124. Determine i(-2).
-36
Let u(i) = -1039*i + 185791. What is u(179)?
-190
Let i(f) = 2*f**2 + 18773*f + 93814. What is i(-5)?
-1
Let k(p) = 55*p**2 - 6935*p + 570. Determine k(126).
-60
Let h(r) = r**3 + 14*r**2 + 40*r + 221. Give h(-10).
221
Let u(h) = 8*h**3 - 95*h**2 + 298*h - 3741. Determine u(12).
-21
Let n(w) = 6*w**3 - 111*w**2 - 50*w - 128. What is n(19)?
5
Let u(v) = 12*v**3 - 846*v**2 + 368*v + 3398. Calculate u(70).
-242
Let i(l) = 16*l**2 + 66*l - 347. Give i(-7).
-25
Let i(k) = 76*k + 21978. Give i(-278).
850
Let p(k) = 13*k**2 + 271*k + 2039. What is p(-20)?
1819
Let u(j) = -j**3 - 41*j**2 + 120*j - 559. Determine u(-44).
-31
Let z(i) = -600*i - 114261. Give z(-191).
339
Let h(t) = t**3 + 3*t**2 - 178*t + 1225. Calculate h(7).
469
Let l(w) = w**3 - 160*w**2 - 3436*w + 44. Determine l(-19).
709
Let v(l) = -35*l**2 + 1081*l - 957. Determine v(30).
-27
Let i(v) = -2*v**3 - 403*v**2 + 1480*v + 9234. Give i(-205).
9
Let a(k) = -k**3 + 227*k**2 + 4*k - 677. Calculate a(227).
231
Let p(u) = u**2 - 218*u - 8331. Calculate p(-33).
-48
Let m(l) = l**2 + 102*l - 81464. Determine m(239).
35
Let b(q) = 14798*q + 384748. What is b(-26)?
0
Let u(d) = -90817*d + 726589. Determine u(8).
53
Let v(q) = 3*q**2 - 4897*q + 34177. What is v(7)?
45
Let o(c) = 28463*c - 13434524. Determine o(472).
12
Let j(h) = -3*h**3 - 1082*h**2 + 762*h + 144754. Calculate j(-361).
-7
Let h(u) = u**3 - 64*u**2 + 551*u - 22439. Give h(61).
9
Let m(p) = -6651*p + 79814. What is m(12)?
2
Let h(x) = 2*x**3 - 16*x**2 + 5921*x - 17671. What is h(3)?
2
Let h(k) = 510713*k + 1532120. Determine h(-3).
-19
Let l(b) = 6*b**2 - 1018*b - 11776. Determine l(181).
532
Let j(t) = 40*t**2 - 31133*t + 10109. Calculate j(778).
-5
Let r(m) = -4*m**3 - 6*m**2 - 59*m + 160. Determine r(2).
-14
Let x(a) = -3*a**2 + 355*a + 7442. Calculate x(-19).
-386
Let l(u) = -u**3 + 156*u**2 - 981*u + 153046. Determine l(156).
10
Let p(m) = -10476*m + 31296. Determine p(3).
-132
Let k(r) = -180*r - 1667. Give k(-16).
1213
Let o(k) = -668689*k - 12705094. What is o(-19)?
-3
Let k(p) = 689482*p - 689477. Calculate k(1).
5
Let y(f) = 4*f**3 + 287*f**2 - 53*f + 42. Calculate y(-72).
-1326
Let h(t) = -37307*t + 37314. Calculate h(1).
7
Let y(x) = x**2 + 539*x - 5479. Determine y(10).
11
Let g(q) = 2*q**2 + 1459*q - 34608. Give g(23).
7
Let p(m) = 15764*m + 46829. Calculate p(-3).
-463
Let f(z) = -z**2 - 204*z + 756. Give f(0).
756
Let p(b) = -77496*b + 155012. Calculate p(2).
20
Let d(r) = -297*r**2 + 442*r + 442. Determine d(-1).
-297
Let h(b) = 8*b**2 + 752*b - 4921. Give h(-100).
-121
Let a(r) = r**3 - 13*r**2 + 35*r + 59. What is a(4)?
55
Let r(j) = j**2 + 388*j + 5992. What is r(-16)?
40
Let x(b) = -2*b**3 + 29*b**2 - 39641*b + 594850. Calculate x(15).
10
Let u(r) = 4*r**3 - 36*r**2 - 1033*r + 565. Give u(21).
40
Let v(n) = -5829*n - 28591. Determine v(-5).
554
Let x(q) = 4*q**2 + 15940*q - 546583. Calculate x(34).
1
Let i(d) = -18586*d + 576217. What is i(31)?
51
Let d(j) = 6377*j - 516518. What is d(81)?
19
Let c(f) = 37*f**3 + 299*f**2 + 19*f + 50. Calculate c(-8).
90
Let l(v) = -55*v - 6497. What is l(-143)?
1368
Let u(z) = 53*z + 2319. Give u(-50).
-331
Let f(g) = -112754*g + 33262429. Calculate f(295).
-1
Let q(f) = 157*f - 33760. What is q(215)?
-5
Let o(t) = -849*t + 716. Calculate o(2).
-982
Let u(o) = 33507*o - 133877. Determine u(4).
151
Let w(i) = -2*i**2 - 1072*i - 142295. Give w(-294).
1
Let u(z) = 18795*z + 1616374. What is u(-86)?
4
Let g(i) = 23*i**2 + 14*i - 375. What is g(11)?
2562
Let v(t) = -31295*t + 187860. Calculate v(6).
90
Let v(p) = p**3 - 330*p**2 - 137*p - 63958. What is v(331)?
256
Let m(o) = 25*o**2 - 6989*o + 24457. Determine m(276).
-107
Let g(l) = -l**2 + 3566*l + 318180. Give g(-87).
369
Let i(s) = 215358*s - 4953214. Determine i(23).
20
Let r(d) = -8*d**3 + 729*d**2 + 1550*d - 149329. Give r(91).
2
Let a(k) = -k**2 + 65*k + 127. Calculate a(24).
1111
Let m(d) = -d**3 + 296*d**2 - 10469*d + 588. Determine m(41).
14
Let z(t) = -9*t**2 + 134*t + 674. What is z(-4)?
-6
Let j(a) = -364*a**2 - 5437*a + 15. Give j(-15).
-330
Let i(v) = -2*v**2 - 15*v + 5078. What is i(48)?
-250
Let q(a) = 2*a**3 - 73*a**2 - 339*a - 105. Calculate q(-4).
-45
Let b(q) = -q**3 + 110*q**2 - 1933*q + 226873. What is b(111)?
-11
Let a(q) = 2785*q + 41824. What is a(-15)?
49
Let t(i) = -1015*i - 25454. Determine t(-25).
-79
Let v(n) = n**3 + 308*n**2 - 44937*n - 3747. What is v(-416)?
-3
Let y(a) = -739*a + 153007. Calculate y(207).
34
Let k(t) = 84*t**2 + 11757*t - 389. Determine k(-140).
31
Let d(w) = 4*w**3 + 79*w**2 - 57*w + 1005. Determine d(-21).
-3
Let u(d) = 45*d**2 - 17857*d - 3177. What is u(397)?
-1
Let p(d) = -14*d**3 - 64*d**2 - 453*d - 2442. What is p(-5)?
-27
Let y(k) = -307*k**2 + 624*k + 3. Calculate y(2).
23
Let l(j) = -j**2 + 459*j + 16153. Determine l(-35).
-1137
Let s(y) = 5*y**3 - 79*y**2 + 334*y - 91. Determine s(6).
149
Let y(d) = 494*d + 4641. What is y(-9)?
195
Let l(q) = -526*q - 1727. Determine l(-3).
-149
Let b(v) = 14310*v - 772904. Calculate b(54).
-164
Let s(b) = 11*b**3 + 171*b**2 - 844*b - 71. Calculate s(5).
1359
Let q(b) = 754*b - 6384. Determine q(8).
-352
Let z(t) = -20*t**2 + 14*t - 5. What is z(1)?
-11
Let s(x) = x**3 + 106*x**2 + 1376*x + 908. What is s(-91)?
-93
Let w(t) = -t**2 - 283*t - 18459. Determine w(-102).
3
Let c(t) = -296167*t - 2073165. Determine c(-7).
4
Let i(u) = -3*u**3 - 1127*u**2 + 2643*u - 1129. Calculate i(-378).
5
Let m(t) = t**3 + 25*t**2 - 273*t - 4636. Give m(-27).
1277
Let i(k) = -2149493*k + 6448470. Determine i(3).
-9
Let k(y) = 4267*y + 59760. Calculate k(-14).
22
Let x(d) = 2*d**3 - 11*d**2 + 37*d - 253. Calculate x(6).
5
Let c(i) = 471*i**2 + 2342*i + 13. Determine c(-5).
78
Let m(c) = -47*c**2 - 424*c - 93. Calculate m(-9).
-84
Let l(t) = t**3 + 4*t**2 - 75*t - 299. Give l(-9).
-29
Let q(o) = -516*o**2 + 3624*o + 106. Calculate q(7).
190
Let d(f) = -78*f**3 + 6006*f**2 + 3*f - 175. Give d(77).
56
Let l(m) = m**3 - 125*m**2 + 3051*m - 1371. Determine l(92).
9
Let b(n) = 283*n - 9410. Give b(33).
-71
Let l(a) = 23745*a - 2564448. Calculate l(108).
12
Let j(m) = -2164*m - 2203. Calculate j(-1).
-39
Let l(n) = 18*n**3 - 3*n**2 + 7827*n - 7827. What is l(1)?
15
Let i(k) = -188*k**2 + 8675*k - 1246. Determine i(46).
-4
Let y(l) = 652*l**2 - 3299*l + 219. What is y(5)?
24
Let f(h) = -h**2 + 413*h - 6574. Give f(18).
536
Let i(x) = -x**3 - 50*x**2 - 581*x + 358. Give i(-20).
-22
Let k(o) = 19545*o + 39079. Calculate k(-2).
-11
Let q(r) = -r**2 - 59*r + 4686. Calculate q(50).
-764
Let h(o) = -2076972*o + 11. Determine h(0).
11
Let 